 and 40?
10
Let i be (5/2)/(5/340). Let k = 326 - i. What is the highest common divisor of k and 24?
12
Suppose -12 = -4*l - 0*l. Let p(y) = 3*y - 18. Let n = -293 + 301. Let j be p(n). What is the greatest common factor of l and j?
3
Let d(h) = -4*h**3 + 2*h**2 + 2*h - 15. Let n be d(-7). Suppose p = 6*p + s - n, -3*p + 875 = -2*s. What is the greatest common factor of p and 17?
17
Suppose -5*q = 8*q - 1144. Suppose -o + 3*c = -q, 3*c + 6 = -0*c. What is the greatest common divisor of 656 and o?
82
Let u = 15 + 11. Suppose 0 = 3*a + k - 141 - 442, 4*a - 809 = 5*k. Let c be a/5 - (-34)/(-170). Calculate the highest common divisor of u and c.
13
Suppose 4*a + d = -3*d + 464, -a + 116 = 5*d. Let r be (-3)/(-5) + 9798/345. What is the greatest common factor of a and r?
29
Suppose -4*v = 4*f - 200, 3*v - 260 = -3*f - 2*f. Let p = f - 25. Let s be (-1 - 1)*p/(-12). Calculate the greatest common factor of s and 5.
5
Let a be 176 - (20/5)/(-1). Let b = -85 - -105. Calculate the greatest common divisor of b and a.
20
Suppose -5*h + 599 = -31. Suppose 9*r + 7 - 141 = u, 0 = 2*r - 2*u - 44. What is the highest common divisor of h and r?
14
Let r(l) = l**2 - 14*l + 45. Let n be r(10). Suppose 2*m + 4*s = 776, -4 = -n*s - 14. What is the highest common divisor of m and 49?
49
Let x(u) = -11*u**2 + 484*u + 10. Let h be x(43). What is the highest common factor of 1344 and h?
21
Let x be (33/9)/((-1)/(-3)). Let c(t) = 151*t + 588. Let i be c(-2). What is the greatest common factor of i and x?
11
Let r = -46 - -49. Suppose r*f + 4*a - 8 = 2*a, -2*f + 5*a = -18. Suppose -y - f + 13 = 0. What is the highest common factor of 3 and y?
3
Suppose 0 = 13*f - 328 - 413. What is the highest common factor of f and 6?
3
Let y(z) = 25*z**2 + 4*z - 296. Let n be y(7). Calculate the greatest common divisor of 783 and n.
87
Suppose 69*l - 78 = 71*l. Let u = 228 + l. What is the greatest common factor of u and 27?
27
Suppose -3*y + 4*w + 1256 = -12, 3*y + w - 1258 = 0. What is the greatest common divisor of 180 and y?
60
Let m(z) = -2*z**2 + 1659. Let k be m(0). What is the greatest common divisor of k and 2370?
237
Let z be ((-3735)/(-830))/(1 - (-1198)/(-1204)). What is the highest common factor of 105 and z?
21
Let g = 9165 - 9137. What is the highest common factor of 11158 and g?
14
Let t(i) = -i**3 - 17*i**2 - 23*i - 40. Suppose -o = g + 21, -4*o + g = -29 + 88. Let r be t(o). What is the highest common factor of 24 and r?
24
Suppose 0 = -4*b + 8*b + 16. Let i be (-5)/20*b*1*11. Let f be 2/(-3)*-1 - 3380/(-78). What is the highest common factor of f and i?
11
Suppose -64*g = -68*g + 5144. Suppose -10*z + 3*f + g = -5*z, -9 = -3*f. Calculate the highest common factor of z and 74.
37
Suppose -2*x - 33 = -2*o + x, 0 = -3*o - 3*x + 72. Suppose 2*z + 58 = 5*n, -5*z = -67*n + 70*n + 52. Calculate the greatest common factor of o and n.
3
Let l be (2/5)/((-2)/(-630)). Suppose -4 = -2*a, 5*j - 2*a + 7*a = 75. Suppose j*v + 28 = 15*v. Calculate the highest common factor of v and l.
14
Let m(s) = s**2 + 13. Let g be m(0). Suppose 27 = 5*f + 7. Suppose f*y + 107 = 211. What is the greatest common factor of y and g?
13
Suppose -5*v - 940 = -q, -3*v - q - 950 = 2*v. Let c = 209 + v. What is the greatest common divisor of c and 4?
4
Let n(z) = 2 + 12*z**2 + 59*z**2 + 4 + 8*z - 15. Let o be n(1). Calculate the highest common divisor of 35 and o.
35
Let h = 12 + -5. Suppose -641 = 2*s - 3*g, -979 = 5*s - 2*s - g. Let z be (-6)/(-42) - s/h. What is the highest common divisor of z and 235?
47
Let u(t) = 3 + 0 + 1 + 36*t. Let i be u(-1). Let z = 39 + i. What is the greatest common factor of 77 and z?
7
Let h(p) = 17*p**3 - p**2 + p - 2. Let i be h(2). Let q(s) = -7877*s + 8053. Let x be q(1). Calculate the highest common divisor of i and x.
44
Suppose -478 = -5*m - 58. Suppose -20*s + m = -18*s. Calculate the highest common factor of 70 and s.
14
Let h(w) = 5*w + 5. Let v be h(0). Let x(u) = -u**2 + 7*u - 5. Suppose 0 = 6*l - 7*l + 5. Let i be x(l). Calculate the highest common factor of v and i.
5
Let g(m) be the third derivative of -m**5/30 + 13*m**4/12 + 2*m**3 - 4*m**2 + 10. Let l be g(13). Calculate the greatest common factor of 4 and l.
4
Let q be 128/12 + (-2)/(-6). Let n = q + 67. Let i be -3*272/96*84/(-119). What is the highest common factor of n and i?
6
Let q = -1452 + 3245. Calculate the greatest common factor of q and 11.
11
Let y(l) = 219*l**2 - 196*l - 40. Let b be y(5). What is the greatest common divisor of 648 and b?
81
Suppose -10*d = -3*d - 13*d + 60. Calculate the highest common factor of 730 and d.
10
Suppose 0 = 4*a - 5*z - 2, -5*z + 0*z = -10. Suppose -a*p - 3 = -15. Suppose -15*x = -p*x - 143. Calculate the greatest common divisor of 143 and x.
13
Let r = 98 - 52. Let s be (19 - 12) + 286/26 + 5. Calculate the greatest common factor of s and r.
23
Let f be (-15)/9 + 10930/6. What is the highest common divisor of f and 280?
140
Suppose -2120*m + 259260 + 42553 = 2362*m - 56747. Let g be (5/3 + 0)*3. Let l be g*4*(-8)/(-10). What is the highest common divisor of l and m?
16
Suppose 0 = 30*m - 30*m + 7*m - 63. What is the highest common factor of m and 10386?
9
Let n be 72/(-1332) + (-3 - (-41300)/148). What is the greatest common factor of 756 and n?
12
Let t(s) = 42*s - 61. Let l be t(2). Suppose -l*z - 1292 = -3960. Calculate the greatest common divisor of 145 and z.
29
Let d = -8 - -162. Let u(m) = m**2 - 11*m - 64. Let q be u(-8). What is the greatest common divisor of q and d?
22
Let z(c) be the first derivative of c**3/3 - 5*c**2/2 - 5*c - 7. Let p be z(-5). Calculate the highest common factor of p and 315.
45
Let x(t) = t**3 - 2*t**2 + 9*t + 9. Let a be x(8). Let g = -1044 + 1059. Calculate the greatest common factor of g and a.
15
Let p(d) be the first derivative of 5*d**3 - 9*d**2/2 - 6*d - 59. Let l be p(-3). Calculate the greatest common factor of 39 and l.
39
Let z(s) = -82*s**3 - 4*s**2 - 4*s - 3. Let c be z(-2). Suppose 3*k = -2*k + c. Suppose 5*j + 29 = k. What is the greatest common factor of 20 and j?
20
Suppose -3*j = -7*j + 1100. Let v be (-15)/6 + (-165)/22. Let k be (v/3)/(7/(840/(-16))). Calculate the greatest common divisor of j and k.
25
Suppose 2*u - 425 = 163. Suppose 4*s - u = -3*s. What is the greatest common divisor of s and 105?
21
Let a be ((-2)/6)/((-3)/279). Suppose a*f - 29*f = 36. Calculate the highest common divisor of f and 162.
18
Let f(k) = 32*k - 2230. Let o be f(71). Calculate the highest common factor of 8022 and o.
42
Suppose 4*r - 1208 = 420. Let m(j) = -3*j**2 + 14*j - 6. Let t be m(4). Let k(d) = 31*d - 25. Let o be k(t). What is the highest common factor of o and r?
37
Suppose -5*o = 2*g - 3, 4 - 11 = -2*g - o. Let y be 2*6/g - -45. Calculate the highest common divisor of 3 and y.
3
Let p = 1 - -25. Let t = 7069 + -6263. Calculate the highest common divisor of p and t.
26
Let a = -82 + 82. Let f(t) = -5*t + 12*t + 2 + a - 5*t. Let d be f(1). Calculate the greatest common divisor of d and 8.
4
Let q = 39 - 20. Suppose 4*m - 16 = -4*b, -2*b + 4*b = 4*m + 8. Suppose c - 38 = -m*c. What is the highest common factor of q and c?
19
Let b(s) = 113*s**2 - 50*s + 275. Let r be b(8). What is the highest common factor of 69 and r?
69
Suppose -h - 25 = -6*h. Suppose 3*j + 6 = -4*r, r + r + 16 = h*j. Let y = r - -19. Calculate the highest common factor of y and 144.
16
Let h(x) = -651*x - 214. Let a be h(-3). Calculate the highest common divisor of a and 564.
47
Let f be 15/(360/1312) + (-2)/3. Suppose -12*u + f = -198. What is the highest common divisor of u and 112?
7
Let r(u) = -9*u - 7. Let x be r(-1). Suppose x*m - 964 = -3*c, 0 = -c + 5*m - m + 312. Calculate the highest common divisor of 240 and c.
80
Suppose 4*p - 2*v = 16, 4*v = -2*p + 37 - 9. Let y be 3/(-27) - 110/(-18). Calculate the highest common factor of p and y.
6
Let c(x) = -x**3 - 6*x**2 + 9*x + 17. Let v be c(-8). Let k = v + -49. Let p = k + -12. Calculate the highest common divisor of p and 48.
12
Let f(r) = -30*r - 55. Let k be f(-2). Suppose 3*a = -k*y + 1143, -941 = -5*y + 3*a + 226. Calculate the highest common divisor of y and 132.
33
Suppose 1850 = 53*i - 1754. Calculate the greatest common factor of i and 1462.
34
Suppose -10*v + 26 = -4. Suppose -v